{"id":21,"date":"2021-03-22T13:30:30","date_gmt":"2021-03-22T13:30:30","guid":{"rendered":"http:\/\/www.ukkc.crolib.hr\/?page_id=21"},"modified":"2025-04-03T12:15:32","modified_gmt":"2025-04-03T12:15:32","slug":"tijela","status":"publish","type":"page","link":"https:\/\/www.ukkc.crolib.hr\/?page_id=21","title":{"rendered":"TIJELA"},"content":{"rendered":"\r\n<h2 class=\"wp-block-heading\"><strong>Skup\u0161tina<\/strong><\/h2>\r\n\r\n\r\n\r\n<p style=\"font-size: 18px;\">Skup\u0161tinu Udruge \u010dine predstavnici svih <a href=\"http:\/\/www.ukkc.crolib.hr\/?page_id=20\">redovitih \u010dlanova<\/a> Udruge.<\/p>\r\n\r\n\r\n\r\n<p style=\"font-size: 18px;\">U radu Skup\u0161tine mogu sudjelovati i predstavnici svih <a href=\"http:\/\/www.ukkc.crolib.hr\/?page_id=20\">pridru\u017eenih \u010dlanova<\/a>, ali bez prava glasovanja.<\/p>\r\n\r\n\r\n\r\n<p style=\"font-size: 18px;\">Zapisnike proteklih skup\u0161tina mo\u017eete pogledati <a href=\"http:\/\/www.ukkc.crolib.hr\/?page_id=22\">ovdje:<\/a><\/p>\r\n\r\n\r\n\r\n<h2 class=\"wp-block-heading\"><strong>Vije\u0107e<\/strong><\/h2>\r\n\r\n\r\n\r\n<p>&nbsp;<\/p>\r\n<ul class=\"wp-block-list\" style=\"font-size: 18px;\">\r\n<li>Dubravka \u0160urlan (Narodna knji\u017enica i \u010ditaonica Vlado Gotovac Sisak), predsjednica (predsjednica Udruge)<\/li>\r\n<li>Doroteja Kamber-Konti\u0107 (Gradska knji\u017enica Zadar), \u010dlanica (dopredsjednica Udruge)<\/li>\r\n<li>Lucija Bjelokosi\u0107 (Dubrova\u010dke knji\u017enice), \u010dlanica (dopredsjednica Udruge)<\/li>\r\n<li>Branka Turk (Sveu\u010dili\u0161na knji\u017enica Rijeka), \u010dlanica<\/li>\r\n<li>Mirta Mato\u0161i\u0107 (Sveu\u010dili\u0161na knji\u017enica u Spitu), \u010dlanica<\/li>\r\n<li>Ljiljana Kri\u017ean (Knji\u017enica &#8220;Nikola Zrinski&#8221; \u010cakovec), \u010dlanica<\/li>\r\n<li>Marijana Senki\u0107 Klapan (Znanstvena knji\u017enica Zadar), \u010dlanica<\/li>\r\n<\/ul>\r\n\r\n\r\n\r\n<h2 class=\"wp-block-heading\"><strong>Nadzorni odbor<\/strong><\/h2>\r\n\r\n\r\n\r\n<ul class=\"wp-block-list\" style=\"font-size: 18px;\">\r\n<li>Martina Ba\u0161i\u0107 (Narodna knji\u017e. i \u010ditaonica &#8220;Vlado Gotovac&#8221; Sisak),<\/li>\r\n<li>Vesna Ran\u010di\u0107 (Gradska knji\u017enica Zadar),<\/li>\r\n<li>Sanja Grakali\u0107 Plenkovi\u0107 (Veleu\u010dili\u0161te u Rijeci).<\/li>\r\n<\/ul>\r\n\r\n\r\n\r\n<h2 class=\"wp-block-heading\"><strong>Stru\u010dno vije\u0107e<\/strong><\/h2>\r\n\r\n\r\n\r\n<ul class=\"wp-block-list\" style=\"font-size: 18px;\">\r\n<li style=\"text-align: justify;\">Margita Mir\u010deta Zakarija (Sveu\u010dili\u0161na knji\u017enica u Splitu), predsjednica<\/li>\r\n<li style=\"text-align: justify;\">Vesna Ran\u010di\u0107 (Gradska knji\u017enica Zadar), \u010dlanica<\/li>\r\n<li style=\"text-align: justify;\">Inge Majlinger Tanocki (Gradska i sveu\u010dili\u0161na knji\u017enica Osijek), \u010dlanica<\/li>\r\n<li style=\"text-align: justify;\">Sanja Kosi\u0107 (Sveu\u010dili\u0161na knji\u017enica Rijeka), \u010dlanica<\/li>\r\n<li style=\"text-align: justify;\">Martina Ba\u0161i\u0107 (Narodna knji\u017enica i \u010ditaonica Vlado Gotovac Sisak), \u010dlanica<\/li>\r\n<\/ul>\r\n\r\n\r\n\r\n<h2 class=\"wp-block-heading\">Koordinacija za odr\u017eavanje i razvoj zajedni\u010dkog programa<\/h2>\r\n\r\n\r\n\r\n<p style=\"font-size: 18px; text-align: justify;\">Koordinaciju \u010dine stru\u010dni voditelji projekta Crolist (koordinatori) pri redovitim \u010dlanicama Udruge &#8211; koordinacijom predsjedava predsjednik Stru\u010dnog vije\u0107a Udruge.<\/p>\r\n","protected":false},"excerpt":{"rendered":"<p>Skup\u0161tina Skup\u0161tinu Udruge \u010dine predstavnici svih redovitih \u010dlanova Udruge. U radu Skup\u0161tine mogu sudjelovati i predstavnici svih pridru\u017eenih \u010dlanova, ali bez prava glasovanja. Zapisnike proteklih skup\u0161tina mo\u017eete pogledati ovdje: Vije\u0107e &#8230;<\/p>\n","protected":false},"author":1,"featured_media":0,"parent":0,"menu_order":0,"comment_status":"closed","ping_status":"closed","template":"","meta":{"footnotes":""},"class_list":["post-21","page","type-page","status-publish","hentry"],"_links":{"self":[{"href":"https:\/\/www.ukkc.crolib.hr\/index.php?rest_route=\/wp\/v2\/pages\/21","targetHints":{"allow":["GET"]}}],"collection":[{"href":"https:\/\/www.ukkc.crolib.hr\/index.php?rest_route=\/wp\/v2\/pages"}],"about":[{"href":"https:\/\/www.ukkc.crolib.hr\/index.php?rest_route=\/wp\/v2\/types\/page"}],"author":[{"embeddable":true,"href":"https:\/\/www.ukkc.crolib.hr\/index.php?rest_route=\/wp\/v2\/users\/1"}],"replies":[{"embeddable":true,"href":"https:\/\/www.ukkc.crolib.hr\/index.php?rest_route=%2Fwp%2Fv2%2Fcomments&post=21"}],"version-history":[{"count":15,"href":"https:\/\/www.ukkc.crolib.hr\/index.php?rest_route=\/wp\/v2\/pages\/21\/revisions"}],"predecessor-version":[{"id":713,"href":"https:\/\/www.ukkc.crolib.hr\/index.php?rest_route=\/wp\/v2\/pages\/21\/revisions\/713"}],"wp:attachment":[{"href":"https:\/\/www.ukkc.crolib.hr\/index.php?rest_route=%2Fwp%2Fv2%2Fmedia&parent=21"}],"curies":[{"name":"wp","href":"https:\/\/api.w.org\/{rel}","templated":true}]}}

<h2 class="wp-block-heading"><strong>Skupština</strong></h2>



<p style="font-size: 18px;">Skupštinu Udruge čine predstavnici svih <a href="http://www.ukkc.crolib.hr/?page_id=20">redovitih članova</a> Udruge.</p>



<p style="font-size: 18px;">U radu Skupštine mogu sudjelovati i predstavnici svih <a href="http://www.ukkc.crolib.hr/?page_id=20">pridruženih članova</a>, ali bez prava glasovanja.</p>



<p style="font-size: 18px;">Zapisnike proteklih skupština možete pogledati <a href="http://www.ukkc.crolib.hr/?page_id=22">ovdje:</a></p>



<h2 class="wp-block-heading"><strong>Vijeće</strong></h2>



<p>&nbsp;</p>
<ul class="wp-block-list" style="font-size: 18px;">
<li>Dubravka Šurlan (Narodna knjižnica i čitaonica Vlado Gotovac Sisak), predsjednica (predsjednica Udruge)</li>
<li>Doroteja Kamber-Kontić (Gradska knjižnica Zadar), članica (dopredsjednica Udruge)</li>
<li>Lucija Bjelokosić (Dubrovačke knjižnice), članica (dopredsjednica Udruge)</li>
<li>Branka Turk (Sveučilišna knjižnica Rijeka), članica</li>
<li>Mirta Matošić (Sveučilišna knjižnica u Spitu), članica</li>
<li>Ljiljana Križan (Knjižnica &#8220;Nikola Zrinski&#8221; Čakovec), članica</li>
<li>Marijana Senkić Klapan (Znanstvena knjižnica Zadar), članica</li>
</ul>



<h2 class="wp-block-heading"><strong>Nadzorni odbor</strong></h2>



<ul class="wp-block-list" style="font-size: 18px;">
<li>Martina Bašić (Narodna knjiž. i čitaonica &#8220;Vlado Gotovac&#8221; Sisak),</li>
<li>Vesna Rančić (Gradska knjižnica Zadar),</li>
<li>Sanja Grakalić Plenković (Veleučilište u Rijeci).</li>
</ul>



<h2 class="wp-block-heading"><strong>Stručno vijeće</strong></h2>



<ul class="wp-block-list" style="font-size: 18px;">
<li style="text-align: justify;">Margita Mirčeta Zakarija (Sveučilišna knjižnica u Splitu), predsjednica</li>
<li style="text-align: justify;">Vesna Rančić (Gradska knjižnica Zadar), članica</li>
<li style="text-align: justify;">Inge Majlinger Tanocki (Gradska i sveučilišna knjižnica Osijek), članica</li>
<li style="text-align: justify;">Sanja Kosić (Sveučilišna knjižnica Rijeka), članica</li>
<li style="text-align: justify;">Martina Bašić (Narodna knjižnica i čitaonica Vlado Gotovac Sisak), članica</li>
</ul>



<h2 class="wp-block-heading">Koordinacija za održavanje i razvoj zajedničkog programa</h2>



<p style="font-size: 18px; text-align: justify;">Koordinaciju čine stručni voditelji projekta Crolist (koordinatori) pri redovitim članicama Udruge &#8211; koordinacijom predsjedava predsjednik Stručnog vijeća Udruge.</p>

<p>Skupština Skupštinu Udruge čine predstavnici svih redovitih članova Udruge. U radu Skupštine mogu sudjelovati i predstavnici svih pridruženih članova, ali bez prava glasovanja. Zapisnike proteklih skupština možete pogledati ovdje: Vijeće &#8230;</p>
