{"id":20,"date":"2021-03-22T13:30:30","date_gmt":"2021-03-22T13:30:30","guid":{"rendered":"http:\/\/www.ukkc.crolib.hr\/?page_id=20"},"modified":"2026-01-07T12:57:23","modified_gmt":"2026-01-07T12:57:23","slug":"clanstvo","status":"publish","type":"page","link":"https:\/\/www.ukkc.crolib.hr\/?page_id=20","title":{"rendered":"\u010cLANSTVO"},"content":{"rendered":"\r\n<p class=\"has-black-color has-text-color\" style=\"font-size: 18px; text-align: justify;\">\u010clanom Udruge knji\u017enica \u201eKonzorcij CROLIST\u201c mo\u017ee postati svaka samostalna knji\u017enica ili pravna osoba s knji\u017enicom u sastavu, koja koristi ili \u017eeli koristiti zajedni\u010dki knji\u017eni\u010dni program i u njemu izra\u0111ene katalo\u017ene zapise \u010dlanova Udruge.<\/p>\r\n\r\n\r\n\r\n<h2 class=\"wp-block-heading\" style=\"text-align: justify;\"><strong>Redoviti \u010dlan<\/strong><\/h2>\r\n\r\n\r\n\r\n<p style=\"font-size: 18px; text-align: justify;\"><strong>Redoviti \u010dlan<\/strong> je samostalna knji\u017enica odnosno pravna osoba s knji\u017enicom u svojem sastavu, koja s dobavlja\u010dem knji\u017eni\u010dnog programa sklapa Ugovor o instaliranju, licenciranju i odr\u017eavanju programa.<\/p>\r\n\r\n\r\n\r\n<h2 class=\"wp-block-heading\" style=\"text-align: justify;\"><strong>Pridru\u017eeni \u010dlan<\/strong><\/h2>\r\n\r\n\r\n\r\n<p class=\"has-text-align-left\" style=\"font-size: 18px; text-align: justify;\"><strong><em>Pridru\u017eeni \u010dlan<\/em> <\/strong><span class=\"has-inline-color has-black-color\">je samostalna knji\u017enica odnosno pravna osoba s knji\u017enicom u svojem sastavu obuhva\u0107ena Ugovorom o instaliranju, licenciranju i odr\u017eavanju programa \u0161to ga je s dobavlja\u010dem knji\u017eni\u010dnog programa sklopio redoviti \u010dlan kao korisnik instalacije, licence i usluge odr\u017eavanja. <\/span><\/p>\r\n\r\n\r\n\r\n<p style=\"font-size: 18px; text-align: justify;\"><strong>Pridru\u017eeni<\/strong> \u010dlanovi Udruge imaju sva prava i obveze kao i redoviti \u010dlanovi, osim prava da glasuju, biraju i budu birani u tijela Udruge.<\/p>\r\n\r\n\r\n\r\n<p style=\"font-size: 18px; text-align: justify;\">Na dana\u0161nji dan Udruga broji 38<strong>\u00a0\u010dlanova<\/strong>, od \u010dega 22 redovitih i 16 pridru\u017eenih.<\/p>\r\n\r\n\r\n\r\n<p style=\"font-size: 18px; text-align: justify;\"><strong>Godi\u0161nja \u010dlanarina <\/strong>za redovitog \u010dlana iznosi 220,00 \u20ac) a za pridru\u017eenog \u010dlana 110,00 \u20ac.<\/p>\r\n\r\n\r\n\r\n<p style=\"font-size: 18px; text-align: justify;\"><strong>\u010clanovi Udruge imaju pravo:<\/strong><\/p>\r\n\r\n\r\n\r\n<ul class=\"wp-block-list\" style=\"font-size: 18px; text-align: justify;\">\r\n<li>preuzimati u svoj lokalni katalog zapise izvorno izra\u0111ene u skupnom katalogu Udruge<\/li>\r\n<li>Izra\u0111ivati izvorne zapise u skupnom katalogu Udruge uz prethodno pribavljenu ovlasnicu.<\/li>\r\n<\/ul>\r\n\r\n\r\n\r\n\r\n\r\n<ul class=\"wp-block-list\" style=\"font-size: 18px; text-align: justify;\">\r\n<li>smjestiti svoju bazu podataka u softveru za knji\u017eni\u010dno poslovanje na poslu\u017eitelj Udruge pod nekomercijalnim uvjetima.<\/li>\r\n<\/ul>\r\n\r\n\r\n\r\n<p style=\"font-size: 18px; text-align: justify;\"><strong>\u010clanom se postaje <\/strong>potpisivanjem<a href=\"http:\/\/www.ukkc.crolib.hr\/wp-content\/uploads\/2022\/03\/Clanstvo-pristupnica2022.docx\"> pristupnice.\u00a0\u00a0 \u00a0\u00a0\u00a0 <\/a>\u00a0<\/p>\r\n\r\n\r\n\r\n<figure class=\"wp-block-table is-style-regular\" style=\"text-align: justify;\">\r\n<table class=\"has-fixed-layout\">\r\n<tbody>\r\n<tr>\r\n<td>\r\n<pre><strong>u\u010dlanite se<\/strong><\/pre>\r\n<\/td>\r\n<td><a href=\"http:\/\/www.ukkc.crolib.hr\/wp-content\/uploads\/2022\/03\/Clanstvo-pristupnica2022.docx\">Pristupnica<\/a><\/td>\r\n<\/tr>\r\n<tr>\r\n<td>\r\n<pre><strong>a\u017eurirajte svoje podatke<\/strong><\/pre>\r\n<\/td>\r\n<td><a href=\"http:\/\/www.ukkc.crolib.hr\/wp-content\/uploads\/2022\/03\/Clanstvo-azuriranje2022.docx\">A\u017euriranje podataka o \u010dlanu\u00a0\u00a0\u00a0\u00a0<\/a><\/td>\r\n<\/tr>\r\n<\/tbody>\r\n<\/table>\r\n<\/figure>\r\n","protected":false},"excerpt":{"rendered":"<p>\u010clanom Udruge knji\u017enica \u201eKonzorcij CROLIST\u201c mo\u017ee postati svaka samostalna knji\u017enica ili pravna osoba s knji\u017enicom u sastavu, koja koristi ili \u017eeli koristiti zajedni\u010dki knji\u017eni\u010dni program i u njemu izra\u0111ene katalo\u017ene &#8230;<\/p>\n","protected":false},"author":1,"featured_media":0,"parent":0,"menu_order":0,"comment_status":"closed","ping_status":"closed","template":"template-fullwidth.php","meta":{"footnotes":""},"class_list":["post-20","page","type-page","status-publish","hentry"],"_links":{"self":[{"href":"https:\/\/www.ukkc.crolib.hr\/index.php?rest_route=\/wp\/v2\/pages\/20","targetHints":{"allow":["GET"]}}],"collection":[{"href":"https:\/\/www.ukkc.crolib.hr\/index.php?rest_route=\/wp\/v2\/pages"}],"about":[{"href":"https:\/\/www.ukkc.crolib.hr\/index.php?rest_route=\/wp\/v2\/types\/page"}],"author":[{"embeddable":true,"href":"https:\/\/www.ukkc.crolib.hr\/index.php?rest_route=\/wp\/v2\/users\/1"}],"replies":[{"embeddable":true,"href":"https:\/\/www.ukkc.crolib.hr\/index.php?rest_route=%2Fwp%2Fv2%2Fcomments&post=20"}],"version-history":[{"count":31,"href":"https:\/\/www.ukkc.crolib.hr\/index.php?rest_route=\/wp\/v2\/pages\/20\/revisions"}],"predecessor-version":[{"id":746,"href":"https:\/\/www.ukkc.crolib.hr\/index.php?rest_route=\/wp\/v2\/pages\/20\/revisions\/746"}],"wp:attachment":[{"href":"https:\/\/www.ukkc.crolib.hr\/index.php?rest_route=%2Fwp%2Fv2%2Fmedia&parent=20"}],"curies":[{"name":"wp","href":"https:\/\/api.w.org\/{rel}","templated":true}]}}